is the tens digit of 8 + (-4)/(-4 + c + 3)?
1
Let o(k) = -9*k - 5. Let q be o(-5). Suppose 22 - 22 = u. Suppose u = -6*m + 328 - q. What is the units digit of m?
8
Suppose 0 = 3*c - 5*m - 5, 0*c - 2*m - 2 = 2*c. Suppose c = 2*b - 4, z - 5*z + 30 = -5*b. What is the tens digit of z?
1
What is the units digit of -75*(-6)/27*12?
0
Suppose 4*v - 12 = 5*v + 3*y, 2*v - 4*y - 16 = 0. Suppose -3*c = -v*c - 69. What is the units digit of c?
3
Let g(p) be the third derivative of p**6/120 + p**5/20 - 7*p**4/24 + 5*p**3/6 - 10*p**2. What is the units digit of g(3)?
8
Let c = -8 - -12. Let i = 8 - c. Suppose -3*v - 24 = -i*v. What is the tens digit of v?
2
Suppose 60 = -2*d + 24. What is the units digit of (-1 + -75)*d/72?
9
Let i be 4/24*-13*-6. Suppose -3*u + 43 = i. What is the units digit of (45/10 + 2)*u?
5
Suppose d = -0 + 16. Let u = -30 - -16. Let r = u + d. What is the units digit of r?
2
Let j = 3061 + -1952. What is the units digit of j?
9
Suppose 2*x + 5*x - 91 = 0. Let m(h) = -3*h + 12 + 3*h + 2*h. What is the tens digit of m(x)?
3
Suppose 92 + 364 = 4*a. Let d = a + -69. What is the units digit of d?
5
Suppose 5*w + 33 = 5*p + 8, 3*p - 5*w = 15. Suppose -u - k + 4 = k, -64 = -p*u + k. Suppose 3*f - 36 - u = 0. What is the tens digit of f?
1
Let t(b) = 55*b**2 - 3*b - 9. What is the tens digit of t(-5)?
8
Suppose 2*m + 0*m - 4659 = -5*o, 3*m - 6981 = -5*o. What is the tens digit of m?
2
Let w be (0 - (-17)/4) + 15/(-60). Suppose -2*j + 672 = w*a, 2*a - 850 = -3*a - 5*j. What is the tens digit of a?
6
Suppose 2*m - 3924 = 698. What is the units digit of m?
1
Let n = 16 + -16. Suppose 2*u - 337 + 67 = n. What is the tens digit of u?
3
Suppose 4*k = -f + 3, -k + 3*k = -2*f. Let l(n) = 4*n**2 + n + 1. Let y be l(f). Suppose y*j = 28 - 4. What is the units digit of j?
6
Let x(l) = l**2 + 7*l + 12. Let t(y) = -y**3 - 8*y**2 - 2*y - 7. Let s be t(-8). Let u = 4 - s. What is the units digit of x(u)?
2
Suppose 38*v - 37*v = 4*u - 15890, 5*v + 10 = 0. What is the thousands digit of u?
3
Suppose -4*i = j + 16, -17 - 16 = -2*j + 5*i. Suppose -2*x - 5*o = -23, 18 = -2*x + 3*x - j*o. What is the units digit of x?
4
Let d(a) = a**3 + 4*a**2 - 2*a + 3. Let h be d(-3). Let k(x) = x + 4. Let u be k(5). What is the units digit of 150/4 - u/h?
7
Suppose 5*v = -v + 3066. What is the hundreds digit of v?
5
Let g = 35 - 65. Let q be (-2)/(3 - 30/6). What is the units digit of g/(-2) + 2/q?
7
Let k(l) = -2 + 11*l - 21*l - 34. What is the tens digit of k(-12)?
8
Let h = 6 + 632. What is the units digit of h?
8
Let m be (-706)/26 - 4/(-26). Let o = 13 - m. What is the tens digit of o?
4
Let l = 3125 - 2339. What is the hundreds digit of l?
7
Let i = -236 + 474. What is the tens digit of i?
3
Let o(s) = s**3 - 1. Let l(n) = n**3 + n**2 + 5. Let z(r) = -l(r) + 3*o(r). What is the units digit of z(4)?
4
Suppose -5 - 3 = m. What is the units digit of 440/6 - m/(-6)?
2
Suppose 7 = 5*n + 3*k - 19, k + 17 = 2*n. What is the tens digit of (-28)/n + (-48)/(-2)?
2
Suppose -2*s - 664 = -3*w, 0 = -4*w + 3*s - 5*s + 904. What is the hundreds digit of w?
2
Suppose 3*c - 2*a = 1 + 665, 5*a = c - 222. Suppose -q = 2*d - c, q + 4*q = -5*d + 545. What is the hundreds digit of d?
1
Let u be 1*-10*5/(-10). Suppose -u*x = -8*x + 63. Let r = 43 - x. What is the tens digit of r?
2
Suppose 8*f - 14*f = -90. Let u(g) = -g**2 + 19*g + 32. What is the units digit of u(f)?
2
Suppose -4*y + 392 = 4*q, -4*y = -0*q + 3*q - 397. Suppose 99 = 2*w - y. What is the tens digit of w?
0
Suppose -4*s - 642 = -2214. What is the hundreds digit of s?
3
What is the hundreds digit of (3324/14)/(6*(-4)/(-112))?
1
Suppose 2*i + 4 = -4. Let s = 55 + i. What is the tens digit of s?
5
Let o be 2 - (-14 + -3 + 3). Let b be 20/o - (-1)/(-4). What is the units digit of ((-32)/(-24))/(b/15)?
0
Let n(o) = -o**3 - 12*o**2 - 15*o + 2. What is the tens digit of n(-16)?
6
Let o(w) = 14*w**3 + 6*w + 3. Let m be o(3). What is the hundreds digit of m/4 - (-4)/16?
1
Let b = -3607 + 5699. What is the units digit of b?
2
Let x(v) = v**2 - 5*v - 4. Let y be x(6). Suppose f - y = -f. What is the tens digit of (f*20 - 2) + -1?
1
Suppose -7*n + 2*n + 174 = 2*o, 2*n - 4*o = 84. Suppose 0 = -z + n + 26. What is the units digit of z?
2
Let i be -2 + 4 - (2 + -7). Let n = 68 - i. What is the tens digit of n?
6
What is the tens digit of 2238/36 - 3/18?
6
Let t(g) = -230*g**3 + 5*g + 13. What is the hundreds digit of t(-2)?
8
What is the units digit of (-1*1 - 6)*(-752 - -300)?
4
Let k = 0 - -5. Let r = 9 - k. What is the units digit of (-4)/(r/28*-2)?
4
Suppose -4*f = -4*b + 36, 2*b - 7*b + 37 = -f. Let z(m) = 8*m - 8. What is the tens digit of z(b)?
4
Let j(c) = 531*c + 22. What is the tens digit of j(2)?
8
Let g = 32 - 36. Let a = g + 8. Let t(u) = 11*u - 7. What is the units digit of t(a)?
7
Let m be 0 + (2 - 3) - -4. Suppose -y + 4*q - 9 = -104, 185 = 2*y - m*q. Let r = y - 50. What is the tens digit of r?
4
Suppose -1008 = -9*z + 378. Let l = 242 - z. What is the tens digit of l?
8
Let h(w) = -2*w**2 - 7*w + 17. Let s be h(-5). Let j(v) = 6*v - 15. Let z be j(14). Suppose -x + 3*x - 71 = -5*a, -3*a + z = s*x. What is the tens digit of x?
3
Let l(j) = -j**3 - 9*j**2 + 2*j - 42. What is the tens digit of l(-13)?
0
What is the units digit of (2 - -190)*(-2 - (-5 - -2))?
2
Let f = 1394 - 980. What is the units digit of f?
4
Let v(g) = g**3 - 21*g**2 + 51*g - 42. What is the hundreds digit of v(20)?
5
Suppose 2 = -5*g + 4*g, -3*v = -4*g - 2012. Suppose -v = -4*x + 8*t - 4*t, -5*t + 659 = 4*x. What is the hundreds digit of x?
1
What is the tens digit of (-3)/(-2) + -8 + (-2133)/(-6)?
4
What is the hundreds digit of 7/((-28)/40) + 1174?
1
Let a(v) = 5*v**3 - 10*v + 18. What is the hundreds digit of a(4)?
2
Let v = -15 - 5. Let x be -6*(-3 + v/(-8)). What is the units digit of 98/4*6/x?
9
Let p(b) = 42*b**2 - b. Suppose 4*u + 2 = -2. What is the units digit of p(u)?
3
Let h be 4/(-14) - (-112)/49. Let r be (-85)/10 + 1/h. What is the tens digit of 4/(r/(-58)) + 1?
3
Let t(b) = b - 5. Let g be t(14). Suppose 3 - g = 2*c, 5*c = 3*s - 372. What is the tens digit of s?
1
Suppose -4*p + 2*p = 3*i - 26, -2*p - 22 = -5*i. Suppose 63 = -i*q + 7*q. What is the tens digit of q?
6
Let b = 431 - 327. What is the units digit of b?
4
Let m be ((-112)/40)/((-4)/10). Let i be m*(0 + 30/(-7)). What is the units digit of (8/6)/((-2)/i)?
0
Let m be ((-7)/3 - -1)/((-3)/108). Suppose m = w + 4*b, 4*w = w + 2*b + 74. What is the units digit of w?
8
Suppose 17*m - 12923 = 6423. What is the thousands digit of m?
1
Suppose -317 - 71125 = -18*g. What is the hundreds digit of g?
9
Let c = 365 + -97. What is the tens digit of c?
6
Let x be (-6)/27 - (-1750)/18. Let a = 196 - x. What is the tens digit of a?
9
Let k(o) = 2*o**2 + 3*o + 1. Let g be ((-4)/(-8))/(2/24). What is the tens digit of k(g)?
9
Let v be (-4578)/(-9) - 2/(-6). Suppose -4*r - u + 667 = 0, -v = -3*r - 0*u + u. What is the hundreds digit of r?
1
Let t(c) = 26*c - 266. What is the hundreds digit of t(23)?
3
Let d = 794 + -108. What is the units digit of d?
6
Suppose -25*i = -21*i - 3648. What is the tens digit of i?
1
Let x(j) = -4*j**3 - j**2 - 8*j + 6. Let m be x(-4). Let i = -193 + m. What is the tens digit of i?
8
Suppose -36*v + 1045 = -31*v. What is the units digit of v?
9
Suppose 2*z - 7 + 24 = -v, -5*v = z - 5. Let p = -8 - z. Suppose -t = -p*o - 0*o + 63, o - 2*t - 30 = 0. What is the units digit of o?
2
Let s be (-1095)/(-10) + 6/4. Suppose k - 4*k = -s. Let i = k - 14. What is the tens digit of i?
2
Let q(i) = i**3 - 12*i**2 + 11*i + 11. Let n(g) = g**3 + 4*g**2 - 6*g + 7. Let l be n(-5). What is the hundreds digit of q(l)?
1
Suppose -4*u - 18 = 34. Let k = 16 + u. What is the tens digit of 26 + (-9)/k + 2?
2
Let d be 1 - (3 + -19 - -5). Let o = 9 - 5. Suppose 2*i - 4 - 10 = -2*v, v - d = o*i. What is the units digit of v?
8
Let k(q) = q**2 + 5*q - 6. Let t be k(-6). Let w = t + 12. Let s(o) = o**2 - 11*o + 2. What is the tens digit of s(w)?
1
Suppose -9 = 3*h, -5*v = -2*v + 3*h - 1137. What is the hundreds digit of v?
3
Suppose 0 = -2*g + 129 - 49. Suppose -54*v = -55*v + g. What is the units digit of v?
0
Let x = -31 + 75. Suppose 2*w - 6 = 0, 4*c - 4*w = -2 - 22. Let b = x - c. What is 